08. What is the tens digit of y?
2
Let d be 5*12/(16/(-3) + 2). Let b be (-3*(-1)/(-9))/(2/d). Suppose -10*t = -b*t - 112. What is the units digit of t?
6
Suppose -5*h - t + 30726 = 0, -4*t = -2*h + 3*h - 6149. What is the units digit of h?
5
Suppose -42*a + 21*a = -5*a - 112. Suppose -8*q = -4*q - 1760. Suppose -q = -a*m - 146. What is the tens digit of m?
4
Let m = -52255 - -125029. What is the tens digit of m?
7
Let o be 85/2*(-308)/(-55). Let f = 341 - o. Let p = -54 + f. What is the units digit of p?
9
Suppose 2*r + 21 = 6333. What is the tens digit of r/40 - (-5)/50?
7
Let t(m) be the second derivative of -52*m**3/3 - 15*m**2/2 + 4*m. Let y be t(-3). Suppose -2*s + 228 = 5*d - 2*d, 4*d = -5*s + y. What is the units digit of d?
8
Suppose 0 = 3*w - 3*t - 4662, -4*w + 1557 = -3*w + 2*t. Let i = -421 + w. What is the tens digit of i?
3
Suppose -123375 = -29*j + 8*j. What is the units digit of j?
5
Suppose 223 = 5*x - y - 0*y, -10 = -5*y. Let w = -50 + x. What is the units digit of 60/25*w*20/(-3)?
0
Suppose 123655 = 94*g - 509999. What is the units digit of g?
1
Suppose -2 - 12 = -7*j. Suppose -2*k + 937 = v, j*k - 629 - 320 = -5*v. What is the tens digit of k?
6
Suppose 3*t - 6 - 43 = -2*y, 3*t - 2*y - 65 = 0. Suppose 6887 = t*r + 693. What is the units digit of r?
6
Suppose 7665 + 8545 = 10*v. What is the hundreds digit of v?
6
Suppose -3*h + 27495 = -4*v, -19862 - 16785 = -4*h + v. What is the thousands digit of h?
9
Suppose 5*i - 270 = z, 5*z = -5*i - 240 - 1200. Let j(n) = -n**3 + 3*n**2 + 3*n - 21. Let a be j(6). Let y = a - z. What is the hundreds digit of y?
1
Let l be 48/(-15) - -3 - 102/(-10). Let r be -106*(1/(-2))/(l/120). Suppose -217*h - r = -220*h. What is the units digit of h?
2
What is the units digit of (40089/966)/(2/168*2)?
3
Suppose 355*f + 3*v - 10563 = 354*f, -f + 2*v = -10558. What is the ten thousands digit of f?
1
Let u(b) = -b**2 - 7*b + 11. Let a be u(21). Let k = a + 1195. What is the tens digit of k?
1
Let d = 54597 - 33429. What is the tens digit of d?
6
Let t = 325 + -320. What is the tens digit of (-6)/(t + 754/(-150))?
2
Suppose 148*t - 139*t + 963 = 0. Suppose -5*q - 3 = p - 15, -2*p + 9 = 5*q. What is the units digit of -4 + q - t - 1?
5
Let t = 160 + -156. Suppose 5*l = -5*h + 4180, 3*h - 836 = -l + t*h. What is the tens digit of l?
3
Let r(o) = 3*o**2 - 17*o + 6. Let c be r(6). Suppose c*j + 399 = 33*j. What is the tens digit of j?
1
Let b be (3 - 1) + 1160/20. What is the units digit of (-8)/6*b/(-20)?
4
Let q(v) be the first derivative of -v**3 + 14*v - 38. Let h be q(3). Let k = h - -293. What is the units digit of k?
0
Suppose 0 = -3*c + 3, 4*p - 2*c = 3*p + 90. Let x = p + -90. Suppose -267 = -u - x*u. What is the tens digit of u?
8
What is the units digit of (-457824)/(-45) - 44/(-330)?
4
Suppose -79*v = -82*v. Suppose v = -6*u - 2*u + 4296. What is the tens digit of u?
3
Let z(v) = 3*v**2 + 3*v - 2. Let g be z(-2). Suppose 2*x - 26 = g. What is the tens digit of x?
1
Let y = 4 + 27. Let f = y + -5. What is the tens digit of ((-6)/2 - -1)/(f/(-1859))?
4
What is the thousands digit of (86316/(-15))/(-1) + (-24)/420*7?
5
Let m = -3935 + 63315. What is the units digit of m?
0
Let v be 18/(-54) - 20/(-6). Let f be 35/v + (-4)/6. Let w(g) = 7*g - 8. What is the tens digit of w(f)?
6
Let n = 23 + -23. Suppose 2*d + 5*i + 172 = 0, 3*d + n*d = -2*i - 280. Let b = -45 - d. What is the tens digit of b?
5
Let s be 3*(730/(-15) - (-1)/3). Let h = 678 + s. What is the units digit of h?
3
Suppose -2*r - 5*u = -8198 - 743, 4*r + 2*u = 17906. Suppose 3*j - r + 4235 = 0. What is the tens digit of j?
8
Let x = 11195 - -37560. What is the hundreds digit of x?
7
Let y(t) = 20*t**2 + 3*t - 2. Let u = -101 + 96. What is the hundreds digit of y(u)?
4
What is the tens digit of (-5)/((-5)/10 + (-25473)/(-51006))?
0
Suppose 4*p = 2*p + 5*q - 85, -4*p - 105 = 3*q. Let s be 4/18 - (-752)/18. Let y = s - p. What is the tens digit of y?
7
What is the hundreds digit of 6/(-48) - 1701973/(-104)?
3
Let h(c) = -3*c + 255. Suppose 6*s = -10 + 28. Suppose s*d = 2*k, -3*k = -0*d - d. What is the tens digit of h(k)?
5
Suppose 12*u + 20208 = -7*u + 23*u. What is the thousands digit of u?
5
Let m(z) = 18*z - 46. Let s be -166*1/3*(-9)/(-6). Let d = s - -89. What is the tens digit of m(d)?
6
Suppose -3*w - 6*j = -3*j - 171, 5*j - 77 = -w. Suppose 4 = -3*p + w. Suppose f - 78 = p. What is the units digit of f?
4
Let x = 10360 + 2065. What is the units digit of x?
5
Let p(i) = -2*i + 40. Suppose -v = -5*q - 30, v + 3*v + 2*q - 76 = 0. Let m be p(v). Suppose d - 5 = m, 4*d - 80 = 3*a - 393. What is the tens digit of a?
1
Suppose -m + 4*m + 622 = 2*l, -4*m + l - 836 = 0. Let t be ((-665)/(-28))/((-2 + 4)/(-8)). Let z = t - m. What is the tens digit of z?
1
Let u = 17963 - -660. What is the thousands digit of u?
8
Suppose -9855081 - 7114518 = -249*g. What is the thousands digit of g?
8
Let d = 5869 - -3080. What is the tens digit of d?
4
Let a = 507 + 39884. What is the units digit of a?
1
What is the units digit of (-1 - -5)*(1671 + 42/6)?
2
Let a = 30 + 33. Let h = a - -17. Let b = 115 - h. What is the units digit of b?
5
Suppose -7*f = -0*f - 224. Suppose -c - f*c = -20625. What is the units digit of c?
5
Let l(i) = 11*i**2 - 123*i + 16. What is the tens digit of l(30)?
2
Let c(a) = -a**3 + 27*a**2 - 38*a + 29. Let l be c(26). Let o = 636 + l. What is the tens digit of o?
5
Let q = -309 + 206. Let h = 1222 + q. What is the hundreds digit of h?
1
Suppose 3*y - p = -2*y - 306, 3*y - p = -184. Let u = y + 62. What is the units digit of 140/60*(1 + 32/u)?
7
Let p(w) be the second derivative of 11*w**3/3 + 26*w**2 - w. Let b = 6970 + -6965. What is the units digit of p(b)?
2
Suppose -2970081 = -344*r - 346737. What is the tens digit of r?
2
Suppose 17*r - 20*r - 2277 = 0. Let n = 1094 + r. Suppose 0 = 7*l - n - 169. What is the tens digit of l?
7
Suppose 2 = -2*d, -9957 = -2*n - 3*d + 16056. What is the hundreds digit of n?
0
Let o(v) = 8*v - 19. Let l be o(3). Suppose -262 = -c + 3*g, -3*c + 0*c - l*g + 856 = 0. What is the hundreds digit of c?
2
Let n(r) = 5 + r**2 + 23 - 5*r - 3*r. Let b be (-12)/10*(5 + -4)*-10. What is the tens digit of n(b)?
7
Let g be ((-3)/(-12))/(8/96). Let f(u) = 147*u**2 + 4*u + 5. What is the tens digit of f(g)?
4
Let j be (0 - -3) + (-2 - -2 - 1). Let x(g) = j*g + 73*g**3 - g**2 + 2*g - 3*g. What is the units digit of x(1)?
3
Let w(z) = -3869*z + 2558. What is the ten thousands digit of w(-6)?
2
Let j(x) be the first derivative of 3*x**3 - 6*x**2 + 17*x + 190. Let l = 9 + -4. What is the tens digit of j(l)?
8
Let v = -47 + 47. Suppose 4*z - 3*f = 5*z - 5, -z + f - 3 = v. What is the units digit of z - -2 - (-3 - 114)/3?
0
Suppose -3*s + 6*s - 3*v = -30, -6 = 2*s + 5*v. Let w = s - -16. Suppose -393 = 5*r - w*r. What is the hundreds digit of r?
1
Suppose -3099 - 23266 = -5*s - 4*n, 0 = 4*s - n - 21071. What is the tens digit of s?
6
Suppose -5*l = 2*d - 53, -l - 57 = -3*d - 4*l. Suppose -1365 = -d*i + 11*i. What is the units digit of i?
5
Let v = -905 - -383. Let t = v - -742. Suppose f - t = -3*f. What is the units digit of f?
5
Suppose -i + 11 + 4 = 0. Let j = -11 + i. What is the hundreds digit of (8/j - -1) + (0 - -102)?
1
Let v(z) = z - 17. Let f be v(19). Suppose -f*b + 2170 = 2*c, -b + 0*c - 4*c = -1091. What is the tens digit of b?
8
Suppose 2*z - 55918 = -11*k, 2*z - 55978 = 4*k - 0*k. What is the hundreds digit of z?
9
Let m(y) = 444*y**2 + 13*y + 34. What is the units digit of m(-5)?
9
Let i(x) = -7*x**2 - x + 14. Let b(a) = -2*a**2 - a - 1. Let g(n) = -b(n) - i(n). What is the units digit of g(6)?
3
What is the ten thousands digit of -18946*((-9)/6 - (-19)/38)?
1
Suppose 8*b + 3*b = 4*b. Suppose -3*v = -b*v - 6. Suppose q = -4*g + 417, 4*g - 264 - 138 = v*q. What is the hundreds digit of g?
1
Let l(y) = 898*y - 405. What is the units digit of l(47)?
1
What is the units digit of 80/(-60) + (-408072)/(-36)?
4
Suppose -10*z + 15*z + 60 = 0. What is the hundreds digit of ((-7692)/16)/(9/z)?
6
Let r(q) = q + 38. Let y be r(-11). Let x = y - 23. Suppose -4*n + 471 = -0*n + 5*d, 102 = n - x*d. What is the tens digit of n?
1
Suppose -11*f + 5*n = -8*f - 21771, 0 = -2*f - 4*n + 14514. What is the hundreds dig